3*a - 344, -3*l + p = a. What are the prime factors of a?
2, 3, 19
Let q be 1 - (-3 + (-7885)/5). Suppose 3*l - 4*o - q = 0, 0 = -4*l - o + 4*o + 2115. List the prime factors of l.
3, 59
Let b = 36 - 33. Suppose -b*w = -4*j + 6, 8*w - 4*w = -4*j - 8. Suppose -5*f + j*f = -310. List the prime factors of f.
2, 31
Let c(z) = z + 2. Let i(h) = 49*h - 37. Let f(s) = 4*c(s) + i(s). List the prime factors of f(10).
3, 167
Suppose 0 = 8*i + 72 - 24. What are the prime factors of ((-410)/(-6))/(642/(-108) - i)?
2, 3, 5, 41
Let m be (-2)/(-10) - 19088/40 - 5. Let s = 179 - m. What are the prime factors of s?
661
Suppose -10*y + f + 106643 = 0, 0 = 5*f - 3*f - 14. List the prime factors of y.
3, 5, 79
Let z(f) = f**2 + 11*f - 38. Let x be z(-14). Let s(l) = 2*l**3 - 7*l**2 + 9*l + 5. List the prime factors of s(x).
3, 19
Suppose 2*g - 6*g = -60. Let l(c) be the first derivative of 3*c**2 + 12*c - 1411. What are the prime factors of l(g)?
2, 3, 17
Let f(t) = t**2 - 2*t + 2. Let u be f(2). Let c = 4 - u. Let b(v) = 15*v**2 + v - 3. List the prime factors of b(c).
59
Let x be (-1 - 29) + 20/(-6 - -1). Let v be (-2737)/x - 1/(-2). Let d = -31 + v. What are the prime factors of d?
2, 5
Let m = 1247 - 938. List the prime factors of m.
3, 103
Let z = 36465 + -20690. What are the prime factors of z?
5, 631
Let m be -10 + 19 - (-1 - -1). Suppose -m*h + 1201 + 410 = 0. List the prime factors of h.
179
Suppose -3*q - 8 = 2*n, 0 = -4*q + n - 7. Let y be 18*1/2 - q. Suppose 8*l + 168 = y*l. List the prime factors of l.
2, 7
Suppose 0 = 5*u - 2*u. Suppose 5*w - 321 = -2*p, -3*p + u*p - 3*w + 459 = 0. List the prime factors of p.
2, 37
Let o be (-36)/18 - (-8 - 1 - -2). Let x be 9*(o + 56/(-12)). List the prime factors of (-4)/4*(4 + -17*x).
47
Let t be (0 - (-2 - -1)) + 40 + 479. Let s = -346 + t. What are the prime factors of s?
2, 3, 29
Suppose 0 = -117*t + 121*t - 3*d - 24462, -5*d + 24414 = 4*t. What are the prime factors of t?
3, 7, 97
Let d be 42/357 - (-4)/(-34). Suppose 3*l + 3*x - 6054 = d, -4*x + 10 = -2*x. List the prime factors of l.
3, 11, 61
Let w(y) = -31*y + 1. Let q(u) = -u**2 + 10*u + 23. Let s be q(11). Suppose -4*p = -4*j - 4 + 8, -4*p = -2*j + s. List the prime factors of w(j).
5
Let a(r) = 180*r**2 - 144*r - 40. List the prime factors of a(-20).
2, 5, 1871
Suppose -2*a + 117 = 103. List the prime factors of 76/(-2 + 21/a).
2, 19
Let c(g) = 481*g**2 - 4*g + g**3 - 485*g**2 - 3*g - 15. Let p be c(9). Let z = p + -131. What are the prime factors of z?
2, 7
Let u(l) = -5*l**2 - 3*l + 1846. List the prime factors of u(0).
2, 13, 71
Let t be ((-34)/(-136))/((-2)/32*-2). Suppose t*x - 1117 = -x - 4*k, 0 = -2*x + 2*k + 740. What are the prime factors of x?
7, 53
Let n(d) = 4*d**3 + 4*d**2 - 9*d + 1. Suppose 4*s + 92 = 100. What are the prime factors of n(s)?
31
Suppose 13*t + 5043 - 47512 = 112348. What are the prime factors of t?
11909
Let p(k) = 14*k**3 - 164*k**2 + 30*k + 24. List the prime factors of p(13).
2, 3
Let n be (-1)/((12/32)/3). Let r(v) = -30 - 14*v + 26 + 14. What are the prime factors of r(n)?
2, 61
Let h = 236 + -225. Suppose 651 = h*g - 1285. List the prime factors of g.
2, 11
Suppose 4*s - 76740 = 4*f, 6*f - f + 76744 = 4*s. List the prime factors of s.
19181
Let p(g) = -263*g + 3. Let q be p(-1). Suppose -w = -q - 386. List the prime factors of w.
2, 163
Suppose b + 2*t = 15, 12 - 129 = -5*b + 4*t. What are the prime factors of ((-23)/8 - b/168)*-168?
2, 3, 7
Let m = 231 - 380. Suppose -939 - 1811 = -10*y. Let t = y + m. What are the prime factors of t?
2, 3, 7
Suppose 0 = -26*y + 939740 - 171596. What are the prime factors of y?
2, 3, 1231
Suppose 3*j + 4*q = 4499, -4*q - 3006 = -j - j. Suppose -3*o - 202 + j = 0. What are the prime factors of o?
433
Let y(t) = 8*t + 5. Let i be y(-24). Let n = -19 - i. Let z = n - 90. What are the prime factors of z?
2, 3, 13
Suppose -2*d - 105 + 121 = 0. Let x(h) = 3*h**3 - 11*h**2 - 3*h - 8. What are the prime factors of x(d)?
2, 5
Suppose 33 + 37 = 10*j. Let p be (-20)/(-70) - (-4800)/j. Suppose 7*w - p = 546. What are the prime factors of w?
2, 11
Suppose -109 = 5*j + 4*o, -4*j - 4*o + o - 88 = 0. Let s be 15/j - (-906)/(-15). List the prime factors of -2 - (s + (-2)/2).
2, 3, 5
Suppose -5*q - 28 = -2*u, 2*u + q - 6 = -2. Suppose c - u = r, 2*r - 9*c - 1 = -4*c. List the prime factors of ((-60)/14 - -4) + (-849)/r.
11
Let i(f) = 8*f**3 + f**2 - 2. Let u be i(-2). Suppose 130*m - 116*m + 462 = 0. Let s = m - u. List the prime factors of s.
29
Suppose 81328 = 5*z + 3*w, 3*w = -10*z + 8*z + 32533. List the prime factors of z.
5, 3253
Suppose 33*x - 1211405 = x + 376787. What are the prime factors of x?
31, 1601
Suppose -5*w - 130 = -d - 2*d, 4*w + 8 = 0. Let z be (16/d)/((-2)/(-5)). List the prime factors of 106*(z + (-2)/4).
53
Let b = 118 - 132. List the prime factors of 12/(-42) - (4204/b - -1).
13, 23
Let w be (-25)/(-9) - (-22)/99. Suppose w*u - 580 = -4*r, -3*u - 3*r + 539 = -40. Suppose -4*x + 3*q + 311 = -u, -q - 251 = -2*x. List the prime factors of x.
5
Let a(s) = -s**2 - 28*s - 9. Suppose 3*m - 23 = k, 2*k + 4*m - 5*m = -36. List the prime factors of a(k).
2, 89
Let h(d) = 3*d + 4. Let y be h(-3). Let p be (-1 + (124 - 0))/(y/(-10)). Let s = -161 + p. What are the prime factors of s?
5, 17
Let o be 4/22 + (-462)/(-121). Suppose 6*p + r - 152 = 4*p, -4*p + o*r = -328. List the prime factors of p.
2, 3, 13
Let x(i) = -3*i**2 - 97*i + 11. Suppose 152 = -5*p + 37. What are the prime factors of x(p)?
5, 131
Let y(v) = -v**3 - 7*v**2 - v + 10. Suppose -d + 69 = 2*o, -o = -4*d + 7 - 19. Let t = 25 - o. List the prime factors of y(t).
17
Let j(d) = d**2 - d - 3. Let y be j(-2). Suppose -5*n - 43 = -y*b, -n + 82 = 5*b + n. Let v(w) = 6*w - 25. List the prime factors of v(b).
71
Suppose 12*n = 71721 + 152643. List the prime factors of n.
7, 2671
Suppose 2*n - 2220 = -4*c, 0 = -3*n - c + 736 + 2579. Suppose 169*h - 165*h = n. What are the prime factors of h?
2, 3, 23
Suppose 5*q = -5*p - 7940, q - 1215 = 3*p + 3549. Let l = p + 3068. List the prime factors of l.
2, 5, 37
List the prime factors of (70/(-4))/(-6 - (-2155)/360).
2, 3, 5, 7
Let o be (-11)/((-231)/6) + 2/(-7). Suppose o = 10*u - 5*u - 490. What are the prime factors of u?
2, 7
Let b(l) = 54*l**2 + 7*l - 4. Let i be b(5). Suppose 4*u - 2807 = 3*x, 13*u - i = 11*u - 3*x. List the prime factors of u.
2, 349
Let j(c) = 0*c + 3*c**2 + 4*c**2 - 5*c - 4 + 4*c**2. Let f = 64 + -67. What are the prime factors of j(f)?
2, 5, 11
Let a(j) = 35 + 10*j + 5*j - 18. Let v be a(13). Let q = v - 104. What are the prime factors of q?
2, 3
Suppose 4*t + 2*o + 16 = 0, 4*t - 5*o + 16 = -0*o. Let z(r) = 326*r**2 + 7*r + 2. Let c be z(t). List the prime factors of 1/5 + c/50.
2, 13
Let s be (4/(-3))/(2/6). Let k(w) be the second derivative of -w**5/10 - w**4/4 + 7*w**3/6 + 9*w**2/2 - 64*w + 1. What are the prime factors of k(s)?
61
Let k be (-1656)/(5 + -1 - 5). Suppose -3*s = 2*x - 799 - 14, 0 = 4*x - 4*s - k. List the prime factors of x.
3, 137
Let g(y) = -53*y**2 - 10*y + 9. Let c(h) = 264*h**2 + 50*h - 44. Let r(i) = 3*c(i) + 14*g(i). What are the prime factors of r(-3)?
2, 3, 23
Let k(n) be the second derivative of 127*n**3/6 - 7*n**2/2 - 21*n. What are the prime factors of k(2)?
13, 19
Let q = 9332 + -5396. List the prime factors of q.
2, 3, 41
Let x be -6 + 66 - (-1 + 8). Suppose -9289 = -6*h + x. What are the prime factors of h?
3, 173
Suppose -4*k - 9 = -57. Let a be 20/6 - (-8)/k. Suppose 6*w = 4*w - 2, j + a*w - 230 = 0. What are the prime factors of j?
2, 3, 13
Let p(d) = -18 + 54*d + 5 - 41*d + 11*d**2. Let o(u) = 5*u**2 + 6*u - 6. Let k(t) = 5*o(t) - 2*p(t). What are the prime factors of k(-4)?
2, 7
Let w(a) = 91*a**3. Let q be w(-1). Let m be (-4 - q - -3) + (-9)/3. Suppose -4*u = 2*h - 470, -2*u + 5*h - m = -292. What are the prime factors of u?
5, 23
Suppose -2*u = 5*k + 275, -2*u = 3*k - 5*u + 186. Let r = k - -61. List the prime factors of r/(-12) - 723/(-9).
2, 5
Let r(u) = 2*u**2 - 4*u**3 + 0*u**3 - 4*u + u**2 + 3. Let i(a) = -a**3 + a**2 + a - 1. Let l(d) = -5*i(d) + r(d). What are the prime factors of l(6)?
2, 7
Let u(h) be the first derivative of 4*h**3/3 - 10*h**2 - 70*h + 18. What are the prime factors of u(-8)?
2, 173
Let i(h) 